{"id":201,"date":"2015-07-13T19:29:59","date_gmt":"2015-07-13T19:29:59","guid":{"rendered":"http:\/\/vrigstadshembygdsforening.se\/?page_id=201"},"modified":"2020-08-18T15:15:24","modified_gmt":"2020-08-18T15:15:24","slug":"hembygdsvecka","status":"publish","type":"page","link":"https:\/\/vrigstadshembygdsforening.se\/?page_id=201","title":{"rendered":"Hembygdsvecka"},"content":{"rendered":"<p>Vrigstads Hembygdsf\u00f6rening har under m\u00e5nga \u00e5r samarbetat med Vrigstad skola i samband med deras s.k. Hembygdsvecka.<\/p>\n<p>Under veckan har bl.a. styrelsemedlemmar i hembygdsf\u00f6reningen st\u00e4llt upp som resurspersoner f\u00f6r att ber\u00e4tta om marknaden, sl\u00e4ktforskning, kyrkan, kyrkog\u00e5rden m.m. En viktig resurs i arbetet har varit det rika bildarkiv f\u00f6reningen har.<\/p>\n<p>Under 2018 medverkade hembygdsf\u00f6reningen bl.a. med att informera om hur en skoldag s\u00e5g ut f\u00f6rr i tiden, eleverna fick bes\u00f6ka Gamla Bankg\u00e5rden och hembygdsg\u00e5rden Gr\u00f6ndal, d\u00e4r de fick information om gamla Vrigstad och f\u00f6reningens arbete.<\/p>\n<figure id=\"attachment_3623\" aria-describedby=\"caption-attachment-3623\" style=\"width: 800px\" class=\"wp-caption alignnone\"><a href=\"https:\/\/media.vrigstadshembygdsforening.se\/\/W_B20.jpg\"><img loading=\"lazy\" decoding=\"async\" class=\"size-full wp-image-3623\" src=\"https:\/\/media.vrigstadshembygdsforening.se\/\/W_B20.jpg\" alt=\"\" width=\"800\" height=\"533\" srcset=\"https:\/\/media.vrigstadshembygdsforening.se\/W_B20.jpg 800w, https:\/\/media.vrigstadshembygdsforening.se\/W_B20-300x200.jpg 300w, https:\/\/media.vrigstadshembygdsforening.se\/W_B20-768x512.jpg 768w\" sizes=\"auto, (max-width: 800px) 100vw, 800px\" \/><\/a><figcaption id=\"caption-attachment-3623\" class=\"wp-caption-text\">Kerstin Carlsson och ordinarie l\u00e4raren Elsa Gunnarsson ber\u00e4ttade om skolan f\u00f6rr i tiden.<\/figcaption><\/figure>\n<figure id=\"attachment_3625\" aria-describedby=\"caption-attachment-3625\" style=\"width: 800px\" class=\"wp-caption alignnone\"><a href=\"https:\/\/media.vrigstadshembygdsforening.se\/\/W_C30.jpg\"><img loading=\"lazy\" decoding=\"async\" class=\"size-full wp-image-3625\" src=\"https:\/\/media.vrigstadshembygdsforening.se\/\/W_C30.jpg\" alt=\"\" width=\"800\" height=\"496\" srcset=\"https:\/\/media.vrigstadshembygdsforening.se\/W_C30.jpg 800w, https:\/\/media.vrigstadshembygdsforening.se\/W_C30-300x186.jpg 300w, https:\/\/media.vrigstadshembygdsforening.se\/W_C30-768x476.jpg 768w\" sizes=\"auto, (max-width: 800px) 100vw, 800px\" \/><\/a><figcaption id=\"caption-attachment-3625\" class=\"wp-caption-text\">Evelina Karl\u00e9n studerar tillsammans med n\u00e5gra elever den gamla bokf\u00f6ringen i bankmuseet.<\/figcaption><\/figure>\n<figure id=\"attachment_3624\" aria-describedby=\"caption-attachment-3624\" style=\"width: 800px\" class=\"wp-caption alignnone\"><a href=\"https:\/\/media.vrigstadshembygdsforening.se\/\/W_C23.jpg\"><img loading=\"lazy\" decoding=\"async\" class=\"size-full wp-image-3624\" src=\"https:\/\/media.vrigstadshembygdsforening.se\/\/W_C23.jpg\" alt=\"\" width=\"800\" height=\"533\" srcset=\"https:\/\/media.vrigstadshembygdsforening.se\/W_C23.jpg 800w, https:\/\/media.vrigstadshembygdsforening.se\/W_C23-300x200.jpg 300w, https:\/\/media.vrigstadshembygdsforening.se\/W_C23-768x512.jpg 768w\" sizes=\"auto, (max-width: 800px) 100vw, 800px\" \/><\/a><figcaption id=\"caption-attachment-3624\" class=\"wp-caption-text\">Bodil Lundberg, Monika Mindic och Eleonore Almerheim tillsammans med en f\u00f6rskoleklass p\u00e5 Gr\u00f6ndal.<\/figcaption><\/figure>\n<p><a href=\"https:\/\/media.vrigstadshembygdsforening.se\/\/2015\/07\/Hembygdsvecka1.jpg\"><img loading=\"lazy\" decoding=\"async\" class=\" size-full wp-image-202 alignleft\" src=\"https:\/\/media.vrigstadshembygdsforening.se\/\/2015\/07\/Hembygdsvecka1.jpg\" alt=\"Hembygdsvecka1\" width=\"258\" height=\"187\"><\/a><\/p>\n<p>Under v\u00e5ren 2009 arbetade man i \u00e5r 3 bl.a. med att teckna olika motiv fr\u00e5n Vrigstad. Underlaget utgjordes av ett antal nya foton med milj\u00f6er fr\u00e5n Vrigstad.<\/p>\n<p><a href=\"https:\/\/media.vrigstadshembygdsforening.se\/\/2015\/07\/Hembygdsvecka2.jpg\"><img loading=\"lazy\" decoding=\"async\" class=\"alignnone size-full wp-image-203\" src=\"https:\/\/media.vrigstadshembygdsforening.se\/\/2015\/07\/Hembygdsvecka2.jpg\" alt=\"Hembygdsvecka2\" width=\"700\" height=\"448\" srcset=\"https:\/\/media.vrigstadshembygdsforening.se\/2015\/07\/Hembygdsvecka2.jpg 700w, https:\/\/media.vrigstadshembygdsforening.se\/2015\/07\/Hembygdsvecka2-300x192.jpg 300w\" sizes=\"auto, (max-width: 700px) 100vw, 700px\" \/><\/a>Sl\u00e4ktforskning fick eleverna hj\u00e4lp av Stig Marz med \u00e5r 2000. Flera elever hittade anh\u00f6riga bland bilderna i bildarkivet.<\/p>\n<p><a href=\"https:\/\/media.vrigstadshembygdsforening.se\/\/2015\/07\/Hembygdsvecka3.jpg\"><img loading=\"lazy\" decoding=\"async\" class=\"alignnone size-full wp-image-204\" src=\"https:\/\/media.vrigstadshembygdsforening.se\/\/2015\/07\/Hembygdsvecka3.jpg\" alt=\"Hembygdsvecka3\" width=\"700\" height=\"380\" srcset=\"https:\/\/media.vrigstadshembygdsforening.se\/2015\/07\/Hembygdsvecka3.jpg 700w, https:\/\/media.vrigstadshembygdsforening.se\/2015\/07\/Hembygdsvecka3-300x163.jpg 300w\" sizes=\"auto, (max-width: 700px) 100vw, 700px\" \/><\/a>Eleverna hade tidigare, 1998, ocks\u00e5 f\u00e5tt hj\u00e4lp av Stig Marz om hur man sl\u00e4ktforskar.<\/p>\n","protected":false},"excerpt":{"rendered":"<p>Vrigstads Hembygdsf\u00f6rening har under m\u00e5nga \u00e5r samarbetat med Vrigstad skola i samband med deras s.k. Hembygdsvecka. Under veckan har bl.a.<\/p>\n","protected":false},"author":1,"featured_media":0,"parent":0,"menu_order":0,"comment_status":"closed","ping_status":"open","template":"","meta":{"footnotes":""},"class_list":["post-201","page","type-page","status-publish","hentry"],"_links":{"self":[{"href":"https:\/\/vrigstadshembygdsforening.se\/index.php?rest_route=\/wp\/v2\/pages\/201","targetHints":{"allow":["GET"]}}],"collection":[{"href":"https:\/\/vrigstadshembygdsforening.se\/index.php?rest_route=\/wp\/v2\/pages"}],"about":[{"href":"https:\/\/vrigstadshembygdsforening.se\/index.php?rest_route=\/wp\/v2\/types\/page"}],"author":[{"embeddable":true,"href":"https:\/\/vrigstadshembygdsforening.se\/index.php?rest_route=\/wp\/v2\/users\/1"}],"replies":[{"embeddable":true,"href":"https:\/\/vrigstadshembygdsforening.se\/index.php?rest_route=%2Fwp%2Fv2%2Fcomments&post=201"}],"version-history":[{"count":4,"href":"https:\/\/vrigstadshembygdsforening.se\/index.php?rest_route=\/wp\/v2\/pages\/201\/revisions"}],"predecessor-version":[{"id":4248,"href":"https:\/\/vrigstadshembygdsforening.se\/index.php?rest_route=\/wp\/v2\/pages\/201\/revisions\/4248"}],"wp:attachment":[{"href":"https:\/\/vrigstadshembygdsforening.se\/index.php?rest_route=%2Fwp%2Fv2%2Fmedia&parent=201"}],"curies":[{"name":"wp","href":"https:\/\/api.w.org\/{rel}","templated":true}]}}

<p>Vrigstads Hembygdsförening har under många år samarbetat med Vrigstad skola i samband med deras s.k. Hembygdsvecka.</p>
<p>Under veckan har bl.a. styrelsemedlemmar i hembygdsföreningen ställt upp som resurspersoner för att berätta om marknaden, släktforskning, kyrkan, kyrkogården m.m. En viktig resurs i arbetet har varit det rika bildarkiv föreningen har.</p>
<p>Under 2018 medverkade hembygdsföreningen bl.a. med att informera om hur en skoldag såg ut förr i tiden, eleverna fick besöka Gamla Bankgården och hembygdsgården Gröndal, där de fick information om gamla Vrigstad och föreningens arbete.</p>
<figure id="attachment_3623" aria-describedby="caption-attachment-3623" style="width: 800px" class="wp-caption alignnone"><a href="https://media.vrigstadshembygdsforening.se//W_B20.jpg"><img loading="lazy" decoding="async" class="size-full wp-image-3623" src="https://media.vrigstadshembygdsforening.se//W_B20.jpg" alt="" width="800" height="533" srcset="https://media.vrigstadshembygdsforening.se/W_B20.jpg 800w, https://media.vrigstadshembygdsforening.se/W_B20-300x200.jpg 300w, https://media.vrigstadshembygdsforening.se/W_B20-768x512.jpg 768w" sizes="auto, (max-width: 800px) 100vw, 800px" /></a><figcaption id="caption-attachment-3623" class="wp-caption-text">Kerstin Carlsson och ordinarie läraren Elsa Gunnarsson berättade om skolan förr i tiden.</figcaption></figure>
<figure id="attachment_3625" aria-describedby="caption-attachment-3625" style="width: 800px" class="wp-caption alignnone"><a href="https://media.vrigstadshembygdsforening.se//W_C30.jpg"><img loading="lazy" decoding="async" class="size-full wp-image-3625" src="https://media.vrigstadshembygdsforening.se//W_C30.jpg" alt="" width="800" height="496" srcset="https://media.vrigstadshembygdsforening.se/W_C30.jpg 800w, https://media.vrigstadshembygdsforening.se/W_C30-300x186.jpg 300w, https://media.vrigstadshembygdsforening.se/W_C30-768x476.jpg 768w" sizes="auto, (max-width: 800px) 100vw, 800px" /></a><figcaption id="caption-attachment-3625" class="wp-caption-text">Evelina Karlén studerar tillsammans med några elever den gamla bokföringen i bankmuseet.</figcaption></figure>
<figure id="attachment_3624" aria-describedby="caption-attachment-3624" style="width: 800px" class="wp-caption alignnone"><a href="https://media.vrigstadshembygdsforening.se//W_C23.jpg"><img loading="lazy" decoding="async" class="size-full wp-image-3624" src="https://media.vrigstadshembygdsforening.se//W_C23.jpg" alt="" width="800" height="533" srcset="https://media.vrigstadshembygdsforening.se/W_C23.jpg 800w, https://media.vrigstadshembygdsforening.se/W_C23-300x200.jpg 300w, https://media.vrigstadshembygdsforening.se/W_C23-768x512.jpg 768w" sizes="auto, (max-width: 800px) 100vw, 800px" /></a><figcaption id="caption-attachment-3624" class="wp-caption-text">Bodil Lundberg, Monika Mindic och Eleonore Almerheim tillsammans med en förskoleklass på Gröndal.</figcaption></figure>
<p><a href="https://media.vrigstadshembygdsforening.se//2015/07/Hembygdsvecka1.jpg"><img loading="lazy" decoding="async" class=" size-full wp-image-202 alignleft" src="https://media.vrigstadshembygdsforening.se//2015/07/Hembygdsvecka1.jpg" alt="Hembygdsvecka1" width="258" height="187"></a></p>
<p>Under våren 2009 arbetade man i år 3 bl.a. med att teckna olika motiv från Vrigstad. Underlaget utgjordes av ett antal nya foton med miljöer från Vrigstad.</p>
<p><a href="https://media.vrigstadshembygdsforening.se//2015/07/Hembygdsvecka2.jpg"><img loading="lazy" decoding="async" class="alignnone size-full wp-image-203" src="https://media.vrigstadshembygdsforening.se//2015/07/Hembygdsvecka2.jpg" alt="Hembygdsvecka2" width="700" height="448" srcset="https://media.vrigstadshembygdsforening.se/2015/07/Hembygdsvecka2.jpg 700w, https://media.vrigstadshembygdsforening.se/2015/07/Hembygdsvecka2-300x192.jpg 300w" sizes="auto, (max-width: 700px) 100vw, 700px" /></a>Släktforskning fick eleverna hjälp av Stig Marz med år 2000. Flera elever hittade anhöriga bland bilderna i bildarkivet.</p>
<p><a href="https://media.vrigstadshembygdsforening.se//2015/07/Hembygdsvecka3.jpg"><img loading="lazy" decoding="async" class="alignnone size-full wp-image-204" src="https://media.vrigstadshembygdsforening.se//2015/07/Hembygdsvecka3.jpg" alt="Hembygdsvecka3" width="700" height="380" srcset="https://media.vrigstadshembygdsforening.se/2015/07/Hembygdsvecka3.jpg 700w, https://media.vrigstadshembygdsforening.se/2015/07/Hembygdsvecka3-300x163.jpg 300w" sizes="auto, (max-width: 700px) 100vw, 700px" /></a>Eleverna hade tidigare, 1998, också fått hjälp av Stig Marz om hur man släktforskar.</p>

<p>Vrigstads Hembygdsförening har under många år samarbetat med Vrigstad skola i samband med deras s.k. Hembygdsvecka. Under veckan har bl.a.</p>
