{"id":1961,"date":"2018-07-06T20:03:06","date_gmt":"2018-07-06T20:03:06","guid":{"rendered":"http:\/\/vrigstadshembygdsforening.se\/?page_id=1961"},"modified":"2018-07-06T20:09:19","modified_gmt":"2018-07-06T20:09:19","slug":"john-johansson","status":"publish","type":"page","link":"https:\/\/vrigstadshembygdsforening.se\/?page_id=1961","title":{"rendered":"John Johansson"},"content":{"rendered":"<p>John Gustaf Albert Johansson f\u00f6ddes i Norra Ljunga socken 1890. Fadern hette Olaus August Johansson, allm\u00e4nt kallad O.A. F\u00f6r\u00e4ldrarna hade diverseaff\u00e4r i S\u00e4vsj\u00f6 vid Lundbergsplan.<\/p>\n<p>Pappans f\u00f6rsta fru dog i barns\u00e4ng 1887, Med henne hade han fyra barn. 1888 gifter han om sig och med andra hustrun f\u00e5r han \u00e5tta barn, varav John var ett.<\/p>\n<p>John fick tidigt hj\u00e4lpa till i aff\u00e4ren och l\u00e4rde sig det mesta om aff\u00e4rslivets hemligheter. Det var m\u00e5nga barn och alla kunde ju inte arbeta i aff\u00e4ren. D\u00e4rf\u00f6r flyttar John till Vrigstad 1910, han \u00e4r allts\u00e5 d\u00e5 20 \u00e5r.<\/p>\n<p>Han f\u00e5r plats som bodknodd i J. K. Bengtssons aff\u00e4r vid torget. Som Ni vet s\u00e5 kallades J.K. Bengtsson allm\u00e4nt f\u00f6r \u201dKilo Bengtsson\u201d. Troligen efter hans andra namn som var Kilian.<\/p>\n<p>John gifter sig 1920 med sm\u00e5skoll\u00e4rarinnan Olga Mattiasson f\u00f6dd 1890 i Skr\u00e4vlinge i Sk\u00e5ne. Hon kom till Vrigstads skola 1910 och tj\u00e4nstgjorde d\u00e4r till gifterm\u00e5let.<\/p>\n<p>1925 l\u00e4t John uppf\u00f6ra fastigheten Enebacken och d\u00e4r f\u00f6ddes deras tv\u00e5 s\u00f6ner Mats och Sven. Mats blev l\u00e4kare och Sven apotekare. Mats \u00e4r d\u00f6d sen flera \u00e5r men Sven lever\u00a0 och \u00e4r 92 \u00e5r och bor i Alings\u00e5s. 1950 k\u00f6per John fastigheten Torget 1 och flyttar dit.<\/p>\n<p>Jag har haft f\u00f6rm\u00e5nen att sitta ner och intervjua John vid tre tillf\u00e4llen. F\u00f6rsta g\u00e5ngen var 1977 d\u00e5 jag samtalade med John och Erik Hallstr\u00f6m \u00f6ver bandspelaren. \u00c4mnet d\u00e5 var \u201dOriginella m\u00e4nniskor i Vrigstad\u201d<\/p>\n<p>Andra g\u00e5ngen var 1981 d\u00e5 John och jag pratade om husen kring torget och vilka som bodde d\u00e4r i 1900-talets b\u00f6rjan, samt 1982 d\u00e5 jag satt med John och Emma Nilsson. \u00c4mnet jag hade valt f\u00f6r v\u00e5rt samtal var \u201dFritidssyssels\u00e4ttningar\u201d. Det visade sig vara helt fel \u00e4mne d\u00e5 John hade en arbetstid, som inte gav s\u00e5 mycket m\u00f6jligheter till fritidsaktiviteter och ingen av dem hade l\u00e4rt sig dansa s\u00e5 den fritid de hade \u00e4gnades mest \u00e5t l\u00e4sning och handarbeten. John ber\u00e4ttade att han bl.a. l\u00e4st \u201dF\u00e4ltsk\u00e4rns ber\u00e4ttelser\u201d i sex band av Zacharias Topelius.<\/p>\n<p>Jag sa att Johns fritid var begr\u00e4nsad p.g.a. arbetstiden. Kilo Bengtsson \u00f6ppnade aff\u00e4ren kl. 08.00 och st\u00e4ngde kl. 20.00. Efter st\u00e4ngningsdags skulle aff\u00e4ren st\u00e4das och kassan r\u00e4knas m.m. s\u00e5 arbetsdagen var s\u00e4llan slut f\u00f6re nio p\u00e5 kv\u00e4llen.<\/p>\n<p>I princip skulle man vara tillg\u00e4nglig alla tider p\u00e5 dygnet. Eftersom John bodde i huset fick han st\u00e4lla upp. Det kunde knacka p\u00e5 f\u00f6nstret n\u00e4r som helst p\u00e5 dygnet d\u00e5 folk ville l\u00e4mna sina best\u00e4llningar eller de av n\u00e5gon anledning missat \u00f6ppettiderna. Aff\u00e4ren hade \u00e4ven \u00f6ppet p\u00e5 l\u00f6rdagar med samma \u00f6ppettider.<\/p>\n<p>Lite fritidsaktiviteter ber\u00e4ttade dock John om. John, Axel Dahlquist, Fridolf Jakobsson i Kvarnag\u00e5rden och apotekaren Englund tr\u00e4ffades vid l\u00e4mpliga tillf\u00e4llen och spelade Priffe. Ett kortspel liknande bridge.<\/p>\n<p>De tr\u00e4ffades alltid hos Dahlquist. N\u00e4r kusten var klar f\u00f6r en tr\u00e4ff signalerade Dahlquist med rullgardinen till John, som bodde andra sidan torget och John f\u00f6rde budskapet vidare till de \u00f6vriga att nu var det dags.<\/p>\n<p>Det fanns ocks\u00e5 ett hemligt s\u00e4llskap i Vrigstad som kallade sig STF. Det hade bildats 1912 av Gustaf och Anders Dahl samt Einar och Oscar Ralf. Medlemmarna valdes in och klarade man inte intr\u00e4desprovet s\u00e5 blev det inget medlemskap.<\/p>\n<p>S\u00e4llskapet hade tio medlemmar. Det var: Gustaf och Anders Dahl, Einar och Oscar Ralf, John Johansson, k\u00f6pman J.K. \u201dKilo\u201d Bengtsson, apotekare Englund, g\u00e4stgivaren Anton Andersson, Fridolf Jakobsson, Kvarnag\u00e5rden, och redakt\u00f6ren Thorelius (f\u00f6r mig ok\u00e4nd).<\/p>\n<p>S\u00e4llskapet hade sina sammankomster i Wadells lusthus vid \u00e5n. De hade tre hemliga tecken. Sammankomsterna h\u00f6lls i huvudsak under sommaren d\u00e5 pojkarna Dahl och Ralf g\u00e4stade Vrigstad.<\/p>\n<p>Det var livliga tillst\u00e4llningar och det sj\u00f6ngs mycket. Br\u00f6derna Ralf var ju s\u00e5ngare till yrket och Fridolf i Kvarnag\u00e5rden var en duktig s\u00e5ngare. Det var mest d\u00e4rf\u00f6r han valdes in i s\u00e4llskapet trodde John. Fridolf var med i kyrkok\u00f6ren h\u00e4r i Vrigstad under m\u00e5nga \u00e5r. Men d\u00e5 var det en helt annan repertoar.<\/p>\n<p>Kilo Bengtsson var utrustad med en kraftig kalufs p\u00e5 skallen. N\u00e4r han blev tillfr\u00e5gad hur det kom sig svarade han\u201d Ja s\u00e5 fastnubbad den \u00e4r inifr\u00e5n s\u00e5 tappar jag den aldrig\u201d.<\/p>\n<p>Dagen efter inspelningen med John 1981 blev jag uppringd av John. Han var lite \u00e5ngerfull d\u00e5 han, som han uttryckte det \u201dvar lite l\u00f6smynt under intervjun\u201d. Det var tv\u00e5 saker som han \u00e5ngrade att han ber\u00e4ttat. Jag tr\u00f6stade honom med att det var inga problem, det gick att radera bort. F\u00f6r att han skulle f\u00e5 bekr\u00e4ftat att jag verkligen tog bort det han ville \u00e5kte jag till John och spolade fram bandet till de st\u00e4llen som han ville ta bort. S\u00e5 spelade vi \u00f6ver de b\u00e5da avsnitten.<\/p>\n<p>Ett av dem kan jag avsl\u00f6ja. Det var n\u00e4r han ber\u00e4ttar om det hemliga s\u00e4llskapet STF.<br \/>\nM\u00e5nga hade gissat vad det stod f\u00f6r. \u201dSaligg\u00f6r tusen fruntimmer\u201d trodde n\u00e5gon. Ingen hade gissat r\u00e4tt och ingen i s\u00e4llskapet hade avsl\u00f6jat hemligheten. Nu tyckte John att han kunde avsl\u00f6ja det. Han ber\u00e4ttade att f\u00f6rkortningen stod f\u00f6r \u201d Sm\u00e5l\u00e4nningar tutar friskt\u201d. Det \u00e4r borttagit fr\u00e5n bandet men jag tycker jag kan avsl\u00f6ja det. Det andra John ville ta bort var av mer k\u00e4nslig karakt\u00e4r, varf\u00f6r det f\u00e5r f\u00f6lja mig i graven.<\/p>\n<p>I stort sett samma g\u00e4ng som var medlemmar i det hemliga s\u00e4llskapet STF bildade ocks\u00e5 en badf\u00f6rening. De byggde ett badhus som gick ut \u00f6ver \u00e5n s\u00e5 man p\u00e5 en stege kunde g\u00e5 ner i vattnet inifr\u00e5n badhuset. Det l\u00e5g strax norr om slaktaren Nydals fastighet. John var kass\u00f6r i badhusf\u00f6reningen och s\u00e5lde aktier f\u00f6r fem kronor stycket.<\/p>\n<p>Det var inget roligt jobb ber\u00e4ttade John han fick sk\u00f6ta allt s\u00e5 han s\u00e5lde den aktie han hade f\u00f6r att komma ifr\u00e5n det hela. Badhusets saga var all vid den kraftiga \u00f6versv\u00e4mningen 1927. D\u00e5 fl\u00f6t badhuset iv\u00e4g och fastnade i ett av brovalven d\u00e4r man fick sl\u00e5 s\u00f6nder det. Vattnet stod s\u00e5 h\u00f6gt s\u00e5 man fick ro mellan husen i Bankg\u00e5rden. En fru M\u00f6ller bodde i det r\u00f6da huset inne p\u00e5 g\u00e5rden och Alfred Dahl fick tv\u00e5 g\u00e5nger om dagen ro henne till utedasset.<\/p>\n<p>John hade skr\u00e4ddaren Sigfrid Haegerstam till leverant\u00f6r av sina kostymer. Haegerstam kom till Vrigstad 1920 fr\u00e5n Eksj\u00f6 och \u00f6ppnade skr\u00e4dderi i Sandstedtska huset, som l\u00e5g p\u00e5 nuvarande Jotos parkering. I Eksj\u00f6 hade han varit milit\u00e4rskr\u00e4ddare. Enligt John var han skicklig p\u00e5 att sy ridbyxor, men kostymer lyckades han inte alltid med. John lyckades aldrig f\u00e5 en kostym som passade. De var alltid f\u00f6r stora. John var ju ganska liten till v\u00e4xten. Enligt John hade Haegerstam endast en provdocka och den sydde han alla kostymer efter.<\/p>\n<p>John ber\u00e4ttade att Lotta Bolander var en kund hos \u201dKilo\u201d Bengtsson. Hon var \u00e4nka efter landstingsmannen Magnus Bolander i Holkaryd. Det var en riktigt besv\u00e4rlig\u00a0 dam som man inte kunde lita p\u00e5. En dag kom hon in i aff\u00e4ren och skulle prova ut ett par glas\u00f6gon. P\u00e5 sig hade hon ett f\u00f6rkl\u00e4de som hon v\u00e4nt p\u00e5 avigan. Hon provade och till slut best\u00e4mde hon sig f\u00f6r ett par som passade. J\u00e4garen Algot Andersson p\u00e5 J\u00e4gersro, som tillh\u00f6rde ledighetskommiten, var i aff\u00e4ren. Han b\u00f6rjade skratta. Lotta undrade vad han skrattade \u00e5t. \u201dVad ska frua med s\u00e5 m\u00e5nga glas\u00f6gon till\u201d sa Algot. Algot hade n\u00e4mligen sett att hon stoppat ner ett par glas\u00f6gon i f\u00f6rkl\u00e4desfickan. Hon fick sn\u00e4llt l\u00e4mna tillbaka det paret och betala 1 krona f\u00f6r det paret hon provat ut.<\/p>\n<p>En annan dag kom Lotta och k\u00f6pte 5 kilo vetemj\u00f6l. N\u00e5gon timma senare kom hon tillbaka och sa att hon f\u00e5tt r\u00e5gmj\u00f6l ist\u00e4llet f\u00f6r vetemj\u00f6l och ville byta. P\u00e5sen var inte \u00f6ppnad, men n\u00e4r John v\u00e4nde p\u00e5 p\u00e5sen stod det David Ek i botten. D\u00e5 sa John att \u201ddetta har fru Bolander inte k\u00f6pt h\u00e4r f\u00f6r det st\u00e5r David Ek i botten. Hon tog p\u00e5sen och gick efter sitt misslyckade f\u00f6rs\u00f6k. R\u00e5gmj\u00f6let var billigare \u00e4n vetemj\u00f6let.<\/p>\n<p>Lotta hade, som jag sa, varit gift med landstingsmannen m.m. M. A. Bolander i Holkaryd. Man kan undra hur det \u00e4ktenskapet var d\u00e5 John ber\u00e4ttade f\u00f6ljande historia.<br \/>\nLotta bodde i fastigheten Andersberg, f\u00f6rutvarande Mallanders M\u00f6belaff\u00e4r nu antikaff\u00e4r. En dag gick hon till en snickare och bad honom tillverka en l\u00e4m. S\u00e5 blev gjort och n\u00e4r den var klar sattes den in i uthuset inne p\u00e5 g\u00e5rden. Hon f\u00f6rklarade att l\u00e4mmen skulle s\u00e4ttas i graven mellan henne och Masse, som hon kallade sin man, f\u00f6r att f\u00f6rhindra att han kr\u00f6p \u00f6ver till henne. Kyrkoherde Dan\u00e9r var hos Lotta och f\u00f6s\u00f6kte \u00f6vertala henne att slopa l\u00e4mmen. Men hon v\u00e4grade. N\u00e4r Lotta gick ur tiden 1926 s\u00e4gs det att n\u00e5gon l\u00e4m sattes aldrig i graven.<\/p>\n<p>John ber\u00e4ttade om en aff\u00e4r han gjorde under andra v\u00e4rldskriget. Det kom ut ett rykte om att det skulle bli ransonering p\u00e5 gummist\u00f6vlar och s\u00e5 fort det blir tal om ransonering blir folk som tokiga. John hade h\u00f6rt att Sm\u00e5lands Kolonial i N\u00e4ssj\u00f6 skulle upph\u00f6ra. Han kontaktade dem och k\u00f6pte hela deras lager av gummist\u00f6vlar.<\/p>\n<p>Dagarna f\u00f6re Vrigstads marknad kom en lastbil med gummist\u00f6vlarna. John plockade hela skyltf\u00f6nstret fullt med gummist\u00f6vlar. Marknadsdagen s\u00e5lde han 83 par st\u00f6vlar. En fru k\u00f6pte 11 par. Man och hustru skulle ha varsitt par liksom barnen. Dessutom skulle barnen ha ett par att v\u00e4xa i.<\/p>\n<p>En annan aff\u00e4r John ber\u00e4ttade om var n\u00e4r Gustaf Lundberg tog \u00f6ver Lundholmen 1914. Han satte fart p\u00e5 jordbruket enligt John. Fr\u00e5n att ha varit tv\u00e5 till tre dr\u00e4ngar blev det nu upp till 20. Lundberg var en bra kund minns John. Ett \u00e5r levererade John 20 vagnslaster kalk i omg\u00e5ngar till Lundholmen. Kalken h\u00e4mtades med h\u00e4st och vagn av dr\u00e4ngar fr\u00e5n Lundholmen vid Stockaryds station. Varje j\u00e4rnv\u00e4gsvagn inneh\u00f6ll 10.000 kilo kalk, som snabbt lastades \u00f6ver till de h\u00e4stdragna vagnar.<\/p>\n<p>Efter Kilo Bengtssons bortg\u00e5ng i december 1930 \u00f6vertog John aff\u00e4ren 1931. Han drev den till 1947 d\u00e5 Gunnar Gustafsson blev ny \u00e4gare.<\/p>\n<p>John blev nu kamrer i Sk\u00e5nska Banken, som hade sitt kontor i den norra delen av nuvarande Jotos eller Hemk\u00f6ps fastighet. Fram till 1972 sk\u00f6tte John bankens kontor.<\/p>\n<p>Som jag sa tidigare intervjuade jag John sista g\u00e5ngen 1982, det var den 21 juli. Tre veckor senare l\u00e4mnade John det jordiska.<\/p>\n<p>\u00a9 Stig Marz<\/p>\n","protected":false},"excerpt":{"rendered":"<p>John Gustaf Albert Johansson f\u00f6ddes i Norra Ljunga socken 1890. Fadern hette Olaus August Johansson, allm\u00e4nt kallad O.A. F\u00f6r\u00e4ldrarna hade<\/p>\n","protected":false},"author":1,"featured_media":0,"parent":0,"menu_order":0,"comment_status":"closed","ping_status":"closed","template":"","meta":{"footnotes":""},"class_list":["post-1961","page","type-page","status-publish","hentry"],"_links":{"self":[{"href":"https:\/\/vrigstadshembygdsforening.se\/index.php?rest_route=\/wp\/v2\/pages\/1961","targetHints":{"allow":["GET"]}}],"collection":[{"href":"https:\/\/vrigstadshembygdsforening.se\/index.php?rest_route=\/wp\/v2\/pages"}],"about":[{"href":"https:\/\/vrigstadshembygdsforening.se\/index.php?rest_route=\/wp\/v2\/types\/page"}],"author":[{"embeddable":true,"href":"https:\/\/vrigstadshembygdsforening.se\/index.php?rest_route=\/wp\/v2\/users\/1"}],"replies":[{"embeddable":true,"href":"https:\/\/vrigstadshembygdsforening.se\/index.php?rest_route=%2Fwp%2Fv2%2Fcomments&post=1961"}],"version-history":[{"count":2,"href":"https:\/\/vrigstadshembygdsforening.se\/index.php?rest_route=\/wp\/v2\/pages\/1961\/revisions"}],"predecessor-version":[{"id":1967,"href":"https:\/\/vrigstadshembygdsforening.se\/index.php?rest_route=\/wp\/v2\/pages\/1961\/revisions\/1967"}],"wp:attachment":[{"href":"https:\/\/vrigstadshembygdsforening.se\/index.php?rest_route=%2Fwp%2Fv2%2Fmedia&parent=1961"}],"curies":[{"name":"wp","href":"https:\/\/api.w.org\/{rel}","templated":true}]}}