{"id":1858,"date":"2018-02-08T21:56:27","date_gmt":"2018-02-08T21:56:27","guid":{"rendered":"http:\/\/vrigstadshembygdsforening.se\/?page_id=1858"},"modified":"2026-03-23T17:13:15","modified_gmt":"2026-03-23T17:13:15","slug":"styrelse","status":"publish","type":"page","link":"https:\/\/vrigstadshembygdsforening.se\/?page_id=1858","title":{"rendered":"Styrelse"},"content":{"rendered":"\n<p>Vid f\u00f6reningens \u00e5rsm\u00f6te den 19 mars 2026 valdes f\u00f6ljande att ing\u00e5 i styrelsen m.m. f\u00f6r verksamhets\u00e5ret 2026:<br>B\u00f6rje Cronvall, ordf\u00f6rande, tfn 0736885345,\u00a0<a href=\"mailto:info@vrigstadshembygdsforening.se\">info@vrigstadshembygdsforening.se<\/a><br>Kerstin Carlsson, sekreterare och vice ordf\u00f6rande<br>Marita Magnusson, kass\u00f6r<br>Sven-Olof Svensson<br>Marie Olofsson<br>Tommy Elg<br>Catharina Andersson<\/p>\n\n\n\n<p>Styrelsesuppleanter \u00e4r Anders Johansson, Olof Karlsson, Krister Lindsten och Lennart Fyhrlund.<\/p>\n\n\n\n<p>Revisorer \u00e4r Kersti Frigert och Peter Johansson.<\/p>\n\n\n\n<p>Kaffekommitt\u00e9n best\u00e5r av Pia L\u00f6nnborg, Ann-Britt Lagerkvist, Anneli Karlsson, Elisabeth Karlsson, Carina Elg och Anita Westerlund.<\/p>\n\n\n\n<p>Valberedning \u00e4r Ragnvald Gustavsson, Helena Larsson och Ingela Ringefelt.<\/p>\n","protected":false},"excerpt":{"rendered":"<p>Vid f\u00f6reningens \u00e5rsm\u00f6te den 19 mars 2026 valdes f\u00f6ljande att ing\u00e5 i styrelsen m.m. f\u00f6r verksamhets\u00e5ret 2026:B\u00f6rje Cronvall, ordf\u00f6rande, tfn<\/p>\n","protected":false},"author":1,"featured_media":0,"parent":0,"menu_order":0,"comment_status":"closed","ping_status":"closed","template":"","meta":{"footnotes":""},"class_list":["post-1858","page","type-page","status-publish","hentry"],"_links":{"self":[{"href":"https:\/\/vrigstadshembygdsforening.se\/index.php?rest_route=\/wp\/v2\/pages\/1858","targetHints":{"allow":["GET"]}}],"collection":[{"href":"https:\/\/vrigstadshembygdsforening.se\/index.php?rest_route=\/wp\/v2\/pages"}],"about":[{"href":"https:\/\/vrigstadshembygdsforening.se\/index.php?rest_route=\/wp\/v2\/types\/page"}],"author":[{"embeddable":true,"href":"https:\/\/vrigstadshembygdsforening.se\/index.php?rest_route=\/wp\/v2\/users\/1"}],"replies":[{"embeddable":true,"href":"https:\/\/vrigstadshembygdsforening.se\/index.php?rest_route=%2Fwp%2Fv2%2Fcomments&post=1858"}],"version-history":[{"count":15,"href":"https:\/\/vrigstadshembygdsforening.se\/index.php?rest_route=\/wp\/v2\/pages\/1858\/revisions"}],"predecessor-version":[{"id":7380,"href":"https:\/\/vrigstadshembygdsforening.se\/index.php?rest_route=\/wp\/v2\/pages\/1858\/revisions\/7380"}],"wp:attachment":[{"href":"https:\/\/vrigstadshembygdsforening.se\/index.php?rest_route=%2Fwp%2Fv2%2Fmedia&parent=1858"}],"curies":[{"name":"wp","href":"https:\/\/api.w.org\/{rel}","templated":true}]}}