{"id":1744,"date":"2017-08-14T16:37:12","date_gmt":"2017-08-14T16:37:12","guid":{"rendered":"http:\/\/vrigstadshembygdsforening.se\/?page_id=1744"},"modified":"2017-08-14T16:37:12","modified_gmt":"2017-08-14T16:37:12","slug":"torsten-nilsson-berattar-om-sin-tid-pa-biskopsbo-1983-04-14","status":"publish","type":"page","link":"https:\/\/vrigstadshembygdsforening.se\/?page_id=1744","title":{"rendered":"Torsten Nilsson ber\u00e4ttar om sin tid p\u00e5 Biskopsbo 1983-04-14"},"content":{"rendered":"<p>Bertil Zettergren intervjuar Torsten Nilsson om hans tid p\u00e5 Biskopsbo.<\/p>\n<audio class=\"wp-audio-shortcode\" id=\"audio-1744-1\" preload=\"none\" style=\"width: 100%;\" controls=\"controls\"><source type=\"audio\/mpeg\" src=\"https:\/\/media.vrigstadshembygdsforening.se\/\/Torsten-Nilsson-ber\u00e4ttar-om-Biskopsbo-1983-04-14-01.mp3?_=1\" \/><a href=\"https:\/\/media.vrigstadshembygdsforening.se\/\/Torsten-Nilsson-ber\u00e4ttar-om-Biskopsbo-1983-04-14-01.mp3\">https:\/\/media.vrigstadshembygdsforening.se\/\/Torsten-Nilsson-ber\u00e4ttar-om-Biskopsbo-1983-04-14-01.mp3<\/a><\/audio>\n<p>Om inte inspelningen startar via l\u00e4nken ovan kan du ladda ner filen (se nedan)\u00a0till din dator och spela den i datorns mediaspelare.<br \/>\n<a href=\"https:\/\/media.vrigstadshembygdsforening.se\/\/Torsten-Nilsson-ber\u00e4ttar-om-Biskopsbo-1983-04-14-01.mp3\">Torsten Nilsson ber\u00e4ttar om Biskopsbo 1983-04-14 01<\/a>\u00a0(7 MB)<\/p>\n","protected":false},"excerpt":{"rendered":"<p>Bertil Zettergren intervjuar Torsten Nilsson om hans tid p\u00e5 Biskopsbo. Om inte inspelningen startar via l\u00e4nken ovan kan du ladda<\/p>\n","protected":false},"author":1,"featured_media":0,"parent":0,"menu_order":0,"comment_status":"closed","ping_status":"closed","template":"","meta":{"footnotes":""},"class_list":["post-1744","page","type-page","status-publish","hentry"],"_links":{"self":[{"href":"https:\/\/vrigstadshembygdsforening.se\/index.php?rest_route=\/wp\/v2\/pages\/1744","targetHints":{"allow":["GET"]}}],"collection":[{"href":"https:\/\/vrigstadshembygdsforening.se\/index.php?rest_route=\/wp\/v2\/pages"}],"about":[{"href":"https:\/\/vrigstadshembygdsforening.se\/index.php?rest_route=\/wp\/v2\/types\/page"}],"author":[{"embeddable":true,"href":"https:\/\/vrigstadshembygdsforening.se\/index.php?rest_route=\/wp\/v2\/users\/1"}],"replies":[{"embeddable":true,"href":"https:\/\/vrigstadshembygdsforening.se\/index.php?rest_route=%2Fwp%2Fv2%2Fcomments&post=1744"}],"version-history":[{"count":1,"href":"https:\/\/vrigstadshembygdsforening.se\/index.php?rest_route=\/wp\/v2\/pages\/1744\/revisions"}],"predecessor-version":[{"id":1746,"href":"https:\/\/vrigstadshembygdsforening.se\/index.php?rest_route=\/wp\/v2\/pages\/1744\/revisions\/1746"}],"wp:attachment":[{"href":"https:\/\/vrigstadshembygdsforening.se\/index.php?rest_route=%2Fwp%2Fv2%2Fmedia&parent=1744"}],"curies":[{"name":"wp","href":"https:\/\/api.w.org\/{rel}","templated":true}]}}