{"id":1335,"date":"2016-03-01T07:34:35","date_gmt":"2016-03-01T07:34:35","guid":{"rendered":"http:\/\/vrigstadshembygdsforening.se\/?page_id=1335"},"modified":"2016-03-01T07:34:35","modified_gmt":"2016-03-01T07:34:35","slug":"bostallen-i-vrigstad","status":"publish","type":"page","link":"https:\/\/vrigstadshembygdsforening.se\/?page_id=1335","title":{"rendered":"Bost\u00e4llen i Vrigstad"},"content":{"rendered":"<p>Henry Renshult ber\u00e4ttar om bost\u00e4llen i Vrigstad vid en temakv\u00e4ll 890209.<\/p>\n<p><audio class=\"wp-audio-shortcode\" id=\"audio-1335-1\" preload=\"none\" style=\"width: 100%;\" controls=\"controls\"><source type=\"audio\/mpeg\" src=\"https:\/\/media.vrigstadshembygdsforening.se\/\/103-Bost\u00e4llen-i-Vrigstad-Henry-Renshult-890209.mp3?_=1\" \/><a href=\"https:\/\/media.vrigstadshembygdsforening.se\/\/103-Bost\u00e4llen-i-Vrigstad-Henry-Renshult-890209.mp3\">https:\/\/media.vrigstadshembygdsforening.se\/\/103-Bost\u00e4llen-i-Vrigstad-Henry-Renshult-890209.mp3<\/a><\/audio><br \/>\nOm inte inspelningen startar via l\u00e4nken ovan kan du ladda ner filen (se nedan)\u00a0till din dator och spela den i datorns mediaspelare.<\/p>\n<p><a href=\"https:\/\/media.vrigstadshembygdsforening.se\/\/103-Bost\u00e4llen-i-Vrigstad-Henry-Renshult-890209.mp3\">103 Bost\u00e4llen i Vrigstad &#8211; Henry Renshult 890209<\/a>\u00a0(7 MB).<\/p>\n","protected":false},"excerpt":{"rendered":"<p>Henry Renshult ber\u00e4ttar om bost\u00e4llen i Vrigstad vid en temakv\u00e4ll 890209. Om inte inspelningen startar via l\u00e4nken ovan kan du<\/p>\n","protected":false},"author":1,"featured_media":0,"parent":0,"menu_order":0,"comment_status":"closed","ping_status":"closed","template":"","meta":{"footnotes":""},"class_list":["post-1335","page","type-page","status-publish","hentry"],"_links":{"self":[{"href":"https:\/\/vrigstadshembygdsforening.se\/index.php?rest_route=\/wp\/v2\/pages\/1335","targetHints":{"allow":["GET"]}}],"collection":[{"href":"https:\/\/vrigstadshembygdsforening.se\/index.php?rest_route=\/wp\/v2\/pages"}],"about":[{"href":"https:\/\/vrigstadshembygdsforening.se\/index.php?rest_route=\/wp\/v2\/types\/page"}],"author":[{"embeddable":true,"href":"https:\/\/vrigstadshembygdsforening.se\/index.php?rest_route=\/wp\/v2\/users\/1"}],"replies":[{"embeddable":true,"href":"https:\/\/vrigstadshembygdsforening.se\/index.php?rest_route=%2Fwp%2Fv2%2Fcomments&post=1335"}],"version-history":[{"count":1,"href":"https:\/\/vrigstadshembygdsforening.se\/index.php?rest_route=\/wp\/v2\/pages\/1335\/revisions"}],"predecessor-version":[{"id":1337,"href":"https:\/\/vrigstadshembygdsforening.se\/index.php?rest_route=\/wp\/v2\/pages\/1335\/revisions\/1337"}],"wp:attachment":[{"href":"https:\/\/vrigstadshembygdsforening.se\/index.php?rest_route=%2Fwp%2Fv2%2Fmedia&parent=1335"}],"curies":[{"name":"wp","href":"https:\/\/api.w.org\/{rel}","templated":true}]}}