{"id":1318,"date":"2016-02-29T18:11:19","date_gmt":"2016-02-29T18:11:19","guid":{"rendered":"http:\/\/vrigstadshembygdsforening.se\/?page_id=1318"},"modified":"2016-02-29T18:13:27","modified_gmt":"2016-02-29T18:13:27","slug":"vrigstads-brandkar","status":"publish","type":"page","link":"https:\/\/vrigstadshembygdsforening.se\/?page_id=1318","title":{"rendered":"Vrigstads brandk\u00e5r"},"content":{"rendered":"<p>En intervju om Vrigstads brandk\u00e5r, vid en tematr\u00e4ff, med Otto Svensson, Conny Johnsson och Tage Maars den 2 augusti 1983.<\/p>\n<p><audio class=\"wp-audio-shortcode\" id=\"audio-1318-1\" preload=\"none\" style=\"width: 100%;\" controls=\"controls\"><source type=\"audio\/mpeg\" src=\"https:\/\/media.vrigstadshembygdsforening.se\/\/41-Otto-Svensson-Conny-Johnsson-och-Tage-Maars-om-Vrigstads-brandk\u00e5r-830802-1.mp3?_=1\" \/><a href=\"https:\/\/media.vrigstadshembygdsforening.se\/\/41-Otto-Svensson-Conny-Johnsson-och-Tage-Maars-om-Vrigstads-brandk\u00e5r-830802-1.mp3\">https:\/\/media.vrigstadshembygdsforening.se\/\/41-Otto-Svensson-Conny-Johnsson-och-Tage-Maars-om-Vrigstads-brandk\u00e5r-830802-1.mp3<\/a><\/audio><br \/>\nOm inte inspelningen startar via l\u00e4nken ovan kan du ladda ner filen (se nedan)\u00a0till din dator och spela den i datorns mediaspelare.<\/p>\n<p><a href=\"https:\/\/media.vrigstadshembygdsforening.se\/\/41-Otto-Svensson-Conny-Johnsson-och-Tage-Maars-om-Vrigstads-brandk\u00e5r-830802-1.mp3\">41 Otto Svensson, Conny Johnsson och Tage Maars om Vrigstads brandk\u00e5r 830802<\/a>\u00a0(7,03 MB)<\/p>\n","protected":false},"excerpt":{"rendered":"<p>En intervju om Vrigstads brandk\u00e5r, vid en tematr\u00e4ff, med Otto Svensson, Conny Johnsson och Tage Maars den 2 augusti 1983.<\/p>\n","protected":false},"author":1,"featured_media":0,"parent":0,"menu_order":0,"comment_status":"closed","ping_status":"closed","template":"","meta":{"footnotes":""},"class_list":["post-1318","page","type-page","status-publish","hentry"],"_links":{"self":[{"href":"https:\/\/vrigstadshembygdsforening.se\/index.php?rest_route=\/wp\/v2\/pages\/1318","targetHints":{"allow":["GET"]}}],"collection":[{"href":"https:\/\/vrigstadshembygdsforening.se\/index.php?rest_route=\/wp\/v2\/pages"}],"about":[{"href":"https:\/\/vrigstadshembygdsforening.se\/index.php?rest_route=\/wp\/v2\/types\/page"}],"author":[{"embeddable":true,"href":"https:\/\/vrigstadshembygdsforening.se\/index.php?rest_route=\/wp\/v2\/users\/1"}],"replies":[{"embeddable":true,"href":"https:\/\/vrigstadshembygdsforening.se\/index.php?rest_route=%2Fwp%2Fv2%2Fcomments&post=1318"}],"version-history":[{"count":1,"href":"https:\/\/vrigstadshembygdsforening.se\/index.php?rest_route=\/wp\/v2\/pages\/1318\/revisions"}],"predecessor-version":[{"id":1320,"href":"https:\/\/vrigstadshembygdsforening.se\/index.php?rest_route=\/wp\/v2\/pages\/1318\/revisions\/1320"}],"wp:attachment":[{"href":"https:\/\/vrigstadshembygdsforening.se\/index.php?rest_route=%2Fwp%2Fv2%2Fmedia&parent=1318"}],"curies":[{"name":"wp","href":"https:\/\/api.w.org\/{rel}","templated":true}]}}

Vrigstads brandkår

<p>En intervju om Vrigstads brandkår, vid en tematräff, med Otto Svensson, Conny Johnsson och Tage Maars den 2 augusti 1983.</p>
<p><audio class="wp-audio-shortcode" id="audio-1318-1" preload="none" style="width: 100%;" controls="controls"><source type="audio/mpeg" src="https://media.vrigstadshembygdsforening.se//41-Otto-Svensson-Conny-Johnsson-och-Tage-Maars-om-Vrigstads-brandkår-830802-1.mp3?_=1" /><a href="https://media.vrigstadshembygdsforening.se//41-Otto-Svensson-Conny-Johnsson-och-Tage-Maars-om-Vrigstads-brandkår-830802-1.mp3">https://media.vrigstadshembygdsforening.se//41-Otto-Svensson-Conny-Johnsson-och-Tage-Maars-om-Vrigstads-brandkår-830802-1.mp3</a></audio><br />
Om inte inspelningen startar via länken ovan kan du ladda ner filen (se nedan) till din dator och spela den i datorns mediaspelare.</p>
<p><a href="https://media.vrigstadshembygdsforening.se//41-Otto-Svensson-Conny-Johnsson-och-Tage-Maars-om-Vrigstads-brandkår-830802-1.mp3">41 Otto Svensson, Conny Johnsson och Tage Maars om Vrigstads brandkår 830802</a> (7,03 MB)</p>

<p>En intervju om Vrigstads brandkår, vid en tematräff, med Otto Svensson, Conny Johnsson och Tage Maars den 2 augusti 1983.</p>
