{"id":1314,"date":"2016-02-29T17:49:27","date_gmt":"2016-02-29T17:49:27","guid":{"rendered":"http:\/\/vrigstadshembygdsforening.se\/?page_id=1314"},"modified":"2016-02-29T17:49:27","modified_gmt":"2016-02-29T17:49:27","slug":"torpens-historia","status":"publish","type":"page","link":"https:\/\/vrigstadshembygdsforening.se\/?page_id=1314","title":{"rendered":"Torpens historia"},"content":{"rendered":"<p>Vid en temakv\u00e4ll 1981 ber\u00e4ttade Henry Renshult om torpens historia.<\/p>\n<audio class=\"wp-audio-shortcode\" id=\"audio-1314-1\" preload=\"none\" style=\"width: 100%;\" controls=\"controls\"><source type=\"audio\/mpeg\" src=\"https:\/\/media.vrigstadshembygdsforening.se\/\/17-Torpens-historia-Henry-Renshult-1981.mp3?_=1\" \/><a href=\"https:\/\/media.vrigstadshembygdsforening.se\/\/17-Torpens-historia-Henry-Renshult-1981.mp3\">https:\/\/media.vrigstadshembygdsforening.se\/\/17-Torpens-historia-Henry-Renshult-1981.mp3<\/a><\/audio>\n<p>Om inte inspelningen startar via l\u00e4nken ovan kan du ladda ner filen (se nedan)\u00a0till din dator och spela den i datorns mediaspelare.<\/p>\n<p><a href=\"https:\/\/media.vrigstadshembygdsforening.se\/\/17-Torpens-historia-Henry-Renshult-1981.mp3\">17 Torpens historia &#8211; Henry Renshult 1981<\/a>\u00a0(5,1 MB)<\/p>\n","protected":false},"excerpt":{"rendered":"<p>Vid en temakv\u00e4ll 1981 ber\u00e4ttade Henry Renshult om torpens historia. Om inte inspelningen startar via l\u00e4nken ovan kan du ladda<\/p>\n","protected":false},"author":1,"featured_media":0,"parent":0,"menu_order":0,"comment_status":"closed","ping_status":"closed","template":"","meta":{"footnotes":""},"class_list":["post-1314","page","type-page","status-publish","hentry"],"_links":{"self":[{"href":"https:\/\/vrigstadshembygdsforening.se\/index.php?rest_route=\/wp\/v2\/pages\/1314","targetHints":{"allow":["GET"]}}],"collection":[{"href":"https:\/\/vrigstadshembygdsforening.se\/index.php?rest_route=\/wp\/v2\/pages"}],"about":[{"href":"https:\/\/vrigstadshembygdsforening.se\/index.php?rest_route=\/wp\/v2\/types\/page"}],"author":[{"embeddable":true,"href":"https:\/\/vrigstadshembygdsforening.se\/index.php?rest_route=\/wp\/v2\/users\/1"}],"replies":[{"embeddable":true,"href":"https:\/\/vrigstadshembygdsforening.se\/index.php?rest_route=%2Fwp%2Fv2%2Fcomments&post=1314"}],"version-history":[{"count":1,"href":"https:\/\/vrigstadshembygdsforening.se\/index.php?rest_route=\/wp\/v2\/pages\/1314\/revisions"}],"predecessor-version":[{"id":1315,"href":"https:\/\/vrigstadshembygdsforening.se\/index.php?rest_route=\/wp\/v2\/pages\/1314\/revisions\/1315"}],"wp:attachment":[{"href":"https:\/\/vrigstadshembygdsforening.se\/index.php?rest_route=%2Fwp%2Fv2%2Fmedia&parent=1314"}],"curies":[{"name":"wp","href":"https:\/\/api.w.org\/{rel}","templated":true}]}}