{"id":1100,"date":"2015-10-03T10:45:31","date_gmt":"2015-10-03T10:45:31","guid":{"rendered":"http:\/\/vrigstadshembygdsforening.se\/?page_id=1100"},"modified":"2023-04-24T16:32:23","modified_gmt":"2023-04-24T16:32:23","slug":"torget-3","status":"publish","type":"page","link":"https:\/\/vrigstadshembygdsforening.se\/?page_id=1100","title":{"rendered":"Torget 3"},"content":{"rendered":"<p><strong>Text fr\u00e5n en torgvandring 2017-09-03<\/strong><\/p>\n<p>P\u00e5 en karta fr\u00e5n andra h\u00e4lften av 1600-talet finns tv\u00e5 hus markerade vid torget. Torget 1 och ett l\u00e5ngt hus p\u00e5 platsen d\u00e4r sedan Lundberg byggde sin aff\u00e4r (Torget 3).<\/p>\n<p>Enligt uppgifter Henry Renshult l\u00e4mnat var det en Kronolada d\u00e4r milit\u00e4ren hade f\u00f6rr\u00e5d och omr\u00e5det bakom, upp mot gamla marknadsplatsen var Kronotr\u00e4dan.<\/p>\n<p>Sven-Gustaf Lundberg, f\u00f6dd 1831, son till Johan Lundberg och hans hustru Anna Catharina i Sunnerby, f\u00f6dda 1803 och 1804, flyttade hit 1856 och startade lanthandel 1857. Henry tror att Lundberg tog virke fr\u00e5n Kronoladan n\u00e4r han byggde sitt hus p\u00e5 samma plats d\u00e4r Kronoladan st\u00e5tt.<\/p>\n<p>Sven-Gustaf gifte sig samma \u00e5r med Ulrika Sofia Pettersdotter fr\u00e5n Mejensj\u00f6. De fick tre d\u00f6ttrar, f\u00f6dda 1858, 1861 och 1864, men den yngsta dog redan som ett\u00e5ring. Sofia var dotter till kyrkv\u00e4rden Peter Nilsson. Han var mycket k\u00e4nd. Ingen k\u00e4nde Peter Nilsson, men alla k\u00e4nde Mossingen \u2013 vilket var det namn som anv\u00e4ndes om honom. Han \u00e4gde g\u00e5rdar i Mejensj\u00f6 och S\u00e4vsj\u00f6. Han var mycket f\u00f6rm\u00f6gen.1851 flyttade han till Lenhovda och etablerade sig som g\u00e4stgivare och handlare d\u00e4r. Det verkade som Sven-Gustav Lundberg hade varit och pryat hos honom. P\u00e5 ett st\u00e4lle i kyrkboken stod det &#8221;inflyttad fr\u00e5n Lenhovda&#8221;. Men p\u00e5 ett annat st\u00e4lle st\u00e5r det, att han kom fr\u00e5n Sunnerby. Sven-Gustav, som kallades f\u00f6r lanthandlare, handlade med allt som beh\u00f6vdes i hush\u00e5ll och jordbruk. Han hade hela tiden tv\u00e5 eller tre medhj\u00e4lpare som kallades bokh\u00e5llare.<\/p>\n<p>Det fanns inneboende i huset bl.a. \u00a0cigarrarbetare, skr\u00e4ddare,\u00a0 skomakare,\u00a0 handsmakare och kusk.<\/p>\n<p>Sven-Gustav var kommunalt engagerad och missionsv\u00e4n. 1864 byggdes j\u00e4rnv\u00e4gen f\u00f6rbi S\u00e4vsj\u00f6 och det gjorde att Vrigstad tappade lite av sin dragningskraft, samtidigt som de nya stationerna fick nytt liv. Det h\u00e4r spelade s\u00e4kert in n\u00e4r Sven-Gustav 1868 flyttade b\u00e5de verksamheten och huset till S\u00e4vsj\u00f6. Huset byggdes upp norr om lilla torget, nuvarande Lundbergsplan. Han k\u00f6pte och s\u00e5lde allt. 1871 var han redan grosshandlare. Spannm\u00e5l och foder var stora artiklar. Han importerade t.ex. lutfisk i vagnslastvis. Han skickade miljontals kr\u00e4ftor till Stockholm. Skiffer fr\u00e5n Fr\u00f6deryd gruva, skickade han massor till st\u00f6rre platser i landet som hade fina byggnader och som skulle ha skiffer p\u00e5 taket. Det blev ett av de st\u00f6rsta aff\u00e4rsf\u00f6retagen i Sm\u00e5land.<\/p>\n<p>N\u00e4r Lundberg flyttat var tomten \u00f6de i 14 \u00e5r till 1892, och d\u00e5 uppf\u00f6rde en handlare som hette Jonas-Petter Johansson fr\u00e5n S\u00e4vsj\u00f6 den nya byggnaden och troligen startade han lanthandel h\u00e4r \u2013 det finns lite olika \u00e5sikter om det. Han flyttade den 4 augusti 1892 in tillsammans med hustrun Emilia Charlotta. Jonas-Petter kallades \u201dLille v\u00e4nnen\u201d och var f\u00f6dd i \u00c5kersl\u00e4tt. Han hade tidigare haft aff\u00e4r i Torget 5 under \u00e5ren 1865 till 1890.<\/p>\n<p>1909 flyttade makarna Johansson d\u00e5 man bytte bort Torget 3 mot ett hus i S\u00e4vsj\u00f6, som hans sv\u00e5ger Karl Rundqvist \u00e4gde. Karl Rundqvist med maka, en dotter och tv\u00e5 s\u00f6ner tog \u00f6ver fastigheten och flyttade in 1909.<\/p>\n<p>Rundqvist startade dock ingen aff\u00e4r h\u00e4r utan under \u00e5ren 1909 till 1919 hade \u201dKilo\u201d Bengtsson en del av byggnaden som magasin till sin aff\u00e4r.<\/p>\n<p>Fem \u00e5r senare, 1914, tog Per Fredrik Lambert Hafstr\u00f6m \u00f6ver fastigheten. Fredrik Hafstr\u00f6m var fr\u00e5n Holkaryd och k\u00f6pte Ingemarsg\u00e5rden och huset vid torget. Han var jordbrukare.<\/p>\n<p>Ytterligare fem \u00e5r senare, 1919, \u00f6ppnar Fredrik Hafstr\u00f6m lanthandel tillsammans med systersonen Henrik Karlsson. Henrik Karlssons bror Rudolf anst\u00e4lls som bitr\u00e4de. D\u00e5 fick inte \u201dKilo\u201d Bengtsson hyra h\u00e4r l\u00e4ngre utan fick i st\u00e4llet en handelskonkurrent.<\/p>\n<p>Efter fem \u00e5r, 1924, l\u00e4mnade Henrik f\u00f6retaget f\u00f6r att bli f\u00e4rgm\u00e4stare p\u00e5 Runstedtska f\u00e4rgeriet. Samma \u00e5r anm\u00e4ler Fredrik Hafstr\u00f6m och Rudolf Carlsson Firman Fredrik Hafstr\u00f6m &amp; Co till handelsregistret \u2013 enligt uppgifter i Landsarkivet.<\/p>\n<figure id=\"attachment_1101\" aria-describedby=\"caption-attachment-1101\" style=\"width: 700px\" class=\"wp-caption alignnone\"><a href=\"https:\/\/media.vrigstadshembygdsforening.se\/\/Torget3_1925.jpg\"><img loading=\"lazy\" decoding=\"async\" class=\"size-full wp-image-1101\" src=\"https:\/\/media.vrigstadshembygdsforening.se\/\/Torget3_1925.jpg\" alt=\"John Lindblad, Rudolf Karlsson samt bitr\u00e4det Ragnvald Karlsson. Bildarkivet - cirka 1925.\" width=\"700\" height=\"505\" srcset=\"https:\/\/media.vrigstadshembygdsforening.se\/Torget3_1925.jpg 700w, https:\/\/media.vrigstadshembygdsforening.se\/Torget3_1925-300x216.jpg 300w\" sizes=\"auto, (max-width: 700px) 100vw, 700px\" \/><\/a><figcaption id=\"caption-attachment-1101\" class=\"wp-caption-text\">John Lindblad, Rudolf Karlsson samt bitr\u00e4det Ragnvald Karlsson. Bildarkivet &#8211; cirka 1925.<\/figcaption><\/figure>\n<figure id=\"attachment_1102\" aria-describedby=\"caption-attachment-1102\" style=\"width: 700px\" class=\"wp-caption alignnone\"><a href=\"https:\/\/media.vrigstadshembygdsforening.se\/\/Torget3_1943.jpg\"><img loading=\"lazy\" decoding=\"async\" class=\"size-full wp-image-1102\" src=\"https:\/\/media.vrigstadshembygdsforening.se\/\/Torget3_1943.jpg\" alt=\"Bildarkivet - 1943.\" width=\"700\" height=\"392\" srcset=\"https:\/\/media.vrigstadshembygdsforening.se\/Torget3_1943.jpg 700w, https:\/\/media.vrigstadshembygdsforening.se\/Torget3_1943-300x168.jpg 300w\" sizes=\"auto, (max-width: 700px) 100vw, 700px\" \/><\/a><figcaption id=\"caption-attachment-1102\" class=\"wp-caption-text\">Bildarkivet &#8211; 1943.<\/figcaption><\/figure>\n<p>Rudolf blev senare ensam \u00e4gare till aff\u00e4ren d\u00e4r han hade specerier och senare \u00e4ven en skoavdelning.<\/p>\n<p>1955 \u00f6verl\u00e4t han aff\u00e4ren till Yngve Johansson, som varit bitr\u00e4de i \u00f6ver 20 \u00e5r. Yngve d\u00f6pte om aff\u00e4ren till Yngves specerier och hade kvar den till 1963. Till dess fanns ocks\u00e5 skoavdelningen kvar, som Rudolfs hustru Ester sk\u00f6tt.<\/p>\n<p>1963 k\u00f6pte Olle Hugosson fastigheten och flyttade Vrigstad J\u00e4rnhandel hit fr\u00e5n Torgl\u00e4genheten 8. \u00c5ret efter flyttade man in och Olle drev sedan verksamheten h\u00e4r till 1983. Olles verksamhet blomstrade under m\u00e5nga \u00e5r. Samarbete med husfabrikerna, h\u00f6hissar, byggmaterial, vitvaror, k\u00f6k m.m.<\/p>\n<figure id=\"attachment_1103\" aria-describedby=\"caption-attachment-1103\" style=\"width: 700px\" class=\"wp-caption alignnone\"><a href=\"https:\/\/media.vrigstadshembygdsforening.se\/\/Torget3_1968.jpg\"><img loading=\"lazy\" decoding=\"async\" class=\"size-full wp-image-1103\" src=\"https:\/\/media.vrigstadshembygdsforening.se\/\/Torget3_1968.jpg\" alt=\"Olle Hugosson tillsammans med bitr\u00e4det Kjell Johansson. Bildarkivet - 1968.\" width=\"700\" height=\"492\" srcset=\"https:\/\/media.vrigstadshembygdsforening.se\/Torget3_1968.jpg 700w, https:\/\/media.vrigstadshembygdsforening.se\/Torget3_1968-300x211.jpg 300w\" sizes=\"auto, (max-width: 700px) 100vw, 700px\" \/><\/a><figcaption id=\"caption-attachment-1103\" class=\"wp-caption-text\">Olle Hugosson tillsammans med bitr\u00e4det Kjell Johansson. Bildarkivet &#8211; 1968.<\/figcaption><\/figure>\n<p>1983 s\u00e5ldes f\u00f6retaget och det nystartade \u00a0Vrigstad J\u00e4rn &amp; F\u00e4rg tog \u00f6ver lokalerna. F\u00f6retaget blev dock kortvarigt. 1985 gick man i konkurs.<\/p>\n<figure id=\"attachment_1104\" aria-describedby=\"caption-attachment-1104\" style=\"width: 700px\" class=\"wp-caption alignnone\"><a href=\"https:\/\/media.vrigstadshembygdsforening.se\/\/Torget3_1985.jpg\"><img loading=\"lazy\" decoding=\"async\" class=\"wp-image-1104 size-full\" src=\"https:\/\/media.vrigstadshembygdsforening.se\/\/Torget3_1985.jpg\" alt=\"\" width=\"700\" height=\"388\" srcset=\"https:\/\/media.vrigstadshembygdsforening.se\/Torget3_1985.jpg 700w, https:\/\/media.vrigstadshembygdsforening.se\/Torget3_1985-300x166.jpg 300w\" sizes=\"auto, (max-width: 700px) 100vw, 700px\" \/><\/a><figcaption id=\"caption-attachment-1104\" class=\"wp-caption-text\">Konkursutf\u00f6rs\u00e4ljning i Vrigstad J\u00e4rn &amp; F\u00e4rg. Bildarkivet &#8211; 1985.<\/figcaption><\/figure>\n<p>1986 flyttade Prylmarknaden, \u00e4gd av Sigge Gr\u00f6nberg, och Aldos tyger, en Gnosj\u00f6firma med filial i Vrigstad, in i fastigheten. 1990 l\u00e4mnade Sigge \u00f6ver Prylmarknaden till Eddie B\u00f6rjesson (som ocks\u00e5 tog \u00f6ver Perssons blomster). Aldos tyger upph\u00f6rde 1993.<\/p>\n<figure id=\"attachment_1105\" aria-describedby=\"caption-attachment-1105\" style=\"width: 700px\" class=\"wp-caption alignnone\"><a href=\"https:\/\/media.vrigstadshembygdsforening.se\/\/Torget3_Prylmarknad.jpg\"><img loading=\"lazy\" decoding=\"async\" class=\"wp-image-1105 size-full\" src=\"https:\/\/media.vrigstadshembygdsforening.se\/\/Torget3_Prylmarknad.jpg\" alt=\"\" width=\"700\" height=\"407\" srcset=\"https:\/\/media.vrigstadshembygdsforening.se\/Torget3_Prylmarknad.jpg 700w, https:\/\/media.vrigstadshembygdsforening.se\/Torget3_Prylmarknad-300x174.jpg 300w\" sizes=\"auto, (max-width: 700px) 100vw, 700px\" \/><\/a><figcaption id=\"caption-attachment-1105\" class=\"wp-caption-text\">Under de sista \u00e5ren fanns Prylmarknanden endast i den v\u00e4nstra delen, sedan Dan&#8217;s Fritidsbod flyttat in i den h\u00f6gra delen.<\/figcaption><\/figure>\n<figure id=\"attachment_1204\" aria-describedby=\"caption-attachment-1204\" style=\"width: 700px\" class=\"wp-caption alignnone\"><a href=\"https:\/\/media.vrigstadshembygdsforening.se\/\/Torget3_Aldos.jpg\"><img loading=\"lazy\" decoding=\"async\" class=\"wp-image-1204 size-full\" src=\"https:\/\/media.vrigstadshembygdsforening.se\/\/Torget3_Aldos.jpg\" alt=\"Margareta Berggren och Ingbritt Nilsson i Aldos Tygaff\u00e4r.\" width=\"700\" height=\"458\" srcset=\"https:\/\/media.vrigstadshembygdsforening.se\/Torget3_Aldos.jpg 700w, https:\/\/media.vrigstadshembygdsforening.se\/Torget3_Aldos-300x196.jpg 300w\" sizes=\"auto, (max-width: 700px) 100vw, 700px\" \/><\/a><figcaption id=\"caption-attachment-1204\" class=\"wp-caption-text\">Margareta Berggren och Ingbritt Nilsson i Aldos Tygaff\u00e4r.<\/figcaption><\/figure>\n<p>1993 flyttade Dans Fritidsbod in i fastigheten, fr\u00e5n torgl\u00e4genheten 1. Katharina Strand\u00e9n drev en kort tid en present- och blomsteraff\u00e4r i lokalerna. 1999 flyttade Rosmarie Lundberg hit blomsteraff\u00e4ren \u2013 fr\u00e5n andra sidan \u00e5n.<\/p>\n<figure id=\"attachment_1106\" aria-describedby=\"caption-attachment-1106\" style=\"width: 700px\" class=\"wp-caption alignnone\"><a href=\"https:\/\/media.vrigstadshembygdsforening.se\/\/Torget3.jpg\"><img loading=\"lazy\" decoding=\"async\" class=\"size-full wp-image-1106\" src=\"https:\/\/media.vrigstadshembygdsforening.se\/\/Torget3.jpg\" alt=\"\" width=\"700\" height=\"342\" srcset=\"https:\/\/media.vrigstadshembygdsforening.se\/Torget3.jpg 700w, https:\/\/media.vrigstadshembygdsforening.se\/Torget3-300x147.jpg 300w\" sizes=\"auto, (max-width: 700px) 100vw, 700px\" \/><\/a><figcaption id=\"caption-attachment-1106\" class=\"wp-caption-text\">Idag har Dan&#8217;s fritidsbod \u00f6vertagit alla delar i byggnaden.<\/figcaption><\/figure>\n","protected":false},"excerpt":{"rendered":"<p>Text fr\u00e5n en torgvandring 2017-09-03 P\u00e5 en karta fr\u00e5n andra h\u00e4lften av 1600-talet finns tv\u00e5 hus markerade vid torget. Torget<\/p>\n","protected":false},"author":1,"featured_media":0,"parent":0,"menu_order":0,"comment_status":"closed","ping_status":"closed","template":"","meta":{"footnotes":""},"class_list":["post-1100","page","type-page","status-publish","hentry"],"_links":{"self":[{"href":"https:\/\/vrigstadshembygdsforening.se\/index.php?rest_route=\/wp\/v2\/pages\/1100","targetHints":{"allow":["GET"]}}],"collection":[{"href":"https:\/\/vrigstadshembygdsforening.se\/index.php?rest_route=\/wp\/v2\/pages"}],"about":[{"href":"https:\/\/vrigstadshembygdsforening.se\/index.php?rest_route=\/wp\/v2\/types\/page"}],"author":[{"embeddable":true,"href":"https:\/\/vrigstadshembygdsforening.se\/index.php?rest_route=\/wp\/v2\/users\/1"}],"replies":[{"embeddable":true,"href":"https:\/\/vrigstadshembygdsforening.se\/index.php?rest_route=%2Fwp%2Fv2%2Fcomments&post=1100"}],"version-history":[{"count":10,"href":"https:\/\/vrigstadshembygdsforening.se\/index.php?rest_route=\/wp\/v2\/pages\/1100\/revisions"}],"predecessor-version":[{"id":6478,"href":"https:\/\/vrigstadshembygdsforening.se\/index.php?rest_route=\/wp\/v2\/pages\/1100\/revisions\/6478"}],"wp:attachment":[{"href":"https:\/\/vrigstadshembygdsforening.se\/index.php?rest_route=%2Fwp%2Fv2%2Fmedia&parent=1100"}],"curies":[{"name":"wp","href":"https:\/\/api.w.org\/{rel}","templated":true}]}}