{"id":1026,"date":"2015-07-30T19:00:39","date_gmt":"2015-07-30T19:00:39","guid":{"rendered":"http:\/\/vrigstadshembygdsforening.se\/?page_id=1026"},"modified":"2015-07-30T19:00:39","modified_gmt":"2015-07-30T19:00:39","slug":"borjade-industrin-i-vrigstad-med-ett-garveri","status":"publish","type":"page","link":"https:\/\/vrigstadshembygdsforening.se\/?page_id=1026","title":{"rendered":"B\u00f6rjade industrin i Vrigstad med ett garveri?"},"content":{"rendered":"<p>Vid en temakv\u00e4ll den 24 februari 1984 ber\u00e4ttade Josef Ryd\u00e9n under rubriken B\u00f6rjade industrin i Vrigstad med ett garveri?<\/p>\n<audio class=\"wp-audio-shortcode\" id=\"audio-1026-1\" preload=\"none\" style=\"width: 100%;\" controls=\"controls\"><source type=\"audio\/mpeg\" src=\"https:\/\/media.vrigstadshembygdsforening.se\/\/2015\/07\/45-B\u00f6rjade-industrin-i-Vrigstad-med-ett-garveri-Josef-Ryd\u00e9n-840224.mp3?_=1\" \/><a href=\"https:\/\/media.vrigstadshembygdsforening.se\/\/2015\/07\/45-B\u00f6rjade-industrin-i-Vrigstad-med-ett-garveri-Josef-Ryd\u00e9n-840224.mp3\">https:\/\/media.vrigstadshembygdsforening.se\/\/2015\/07\/45-B\u00f6rjade-industrin-i-Vrigstad-med-ett-garveri-Josef-Ryd\u00e9n-840224.mp3<\/a><\/audio>\n<p>Om inte inspelningen startar via l\u00e4nken ovan kan du ladda ner filen (se nedan)\u00a0till din dator och spela den i datorns mediaspelare.<\/p>\n<p><a href=\"https:\/\/media.vrigstadshembygdsforening.se\/\/2015\/07\/45-B\u00f6rjade-industrin-i-Vrigstad-med-ett-garveri-Josef-Ryd\u00e9n-840224.mp3\">45 B\u00f6rjade industrin i Vrigstad med ett garveri &#8211; Josef Ryd\u00e9n 840224<\/a>\u00a0(8 MB).<\/p>\n","protected":false},"excerpt":{"rendered":"<p>Vid en temakv\u00e4ll den 24 februari 1984 ber\u00e4ttade Josef Ryd\u00e9n under rubriken B\u00f6rjade industrin i Vrigstad med ett garveri? Om<\/p>\n","protected":false},"author":1,"featured_media":0,"parent":0,"menu_order":0,"comment_status":"closed","ping_status":"open","template":"","meta":{"footnotes":""},"class_list":["post-1026","page","type-page","status-publish","hentry"],"_links":{"self":[{"href":"https:\/\/vrigstadshembygdsforening.se\/index.php?rest_route=\/wp\/v2\/pages\/1026","targetHints":{"allow":["GET"]}}],"collection":[{"href":"https:\/\/vrigstadshembygdsforening.se\/index.php?rest_route=\/wp\/v2\/pages"}],"about":[{"href":"https:\/\/vrigstadshembygdsforening.se\/index.php?rest_route=\/wp\/v2\/types\/page"}],"author":[{"embeddable":true,"href":"https:\/\/vrigstadshembygdsforening.se\/index.php?rest_route=\/wp\/v2\/users\/1"}],"replies":[{"embeddable":true,"href":"https:\/\/vrigstadshembygdsforening.se\/index.php?rest_route=%2Fwp%2Fv2%2Fcomments&post=1026"}],"version-history":[{"count":1,"href":"https:\/\/vrigstadshembygdsforening.se\/index.php?rest_route=\/wp\/v2\/pages\/1026\/revisions"}],"predecessor-version":[{"id":1028,"href":"https:\/\/vrigstadshembygdsforening.se\/index.php?rest_route=\/wp\/v2\/pages\/1026\/revisions\/1028"}],"wp:attachment":[{"href":"https:\/\/vrigstadshembygdsforening.se\/index.php?rest_route=%2Fwp%2Fv2%2Fmedia&parent=1026"}],"curies":[{"name":"wp","href":"https:\/\/api.w.org\/{rel}","templated":true}]}}

Började industrin i Vrigstad med ett garveri?

<p>Vid en temakväll den 24 februari 1984 berättade Josef Rydén under rubriken Började industrin i Vrigstad med ett garveri?</p>
<audio class="wp-audio-shortcode" id="audio-1026-1" preload="none" style="width: 100%;" controls="controls"><source type="audio/mpeg" src="https://media.vrigstadshembygdsforening.se//2015/07/45-Började-industrin-i-Vrigstad-med-ett-garveri-Josef-Rydén-840224.mp3?_=1" /><a href="https://media.vrigstadshembygdsforening.se//2015/07/45-Började-industrin-i-Vrigstad-med-ett-garveri-Josef-Rydén-840224.mp3">https://media.vrigstadshembygdsforening.se//2015/07/45-Började-industrin-i-Vrigstad-med-ett-garveri-Josef-Rydén-840224.mp3</a></audio>
<p>Om inte inspelningen startar via länken ovan kan du ladda ner filen (se nedan) till din dator och spela den i datorns mediaspelare.</p>
<p><a href="https://media.vrigstadshembygdsforening.se//2015/07/45-Började-industrin-i-Vrigstad-med-ett-garveri-Josef-Rydén-840224.mp3">45 Började industrin i Vrigstad med ett garveri &#8211; Josef Rydén 840224</a> (8 MB).</p>

<p>Vid en temakväll den 24 februari 1984 berättade Josef Rydén under rubriken Började industrin i Vrigstad med ett garveri? Om</p>
